797.
339
What is the highest common factor of 192 and 1683?
3
Calculate the greatest common factor of 3 and 35709.
3
What is the highest common factor of 654 and 13116?
6
What is the highest common factor of 110227 and 84929?
1807
Calculate the highest common factor of 351 and 6080607.
117
What is the highest common factor of 33785 and 435?
145
What is the greatest common divisor of 28236 and 324?
12
What is the highest common divisor of 617006 and 494?
494
Calculate the greatest common divisor of 3168 and 13644.
36
What is the greatest common divisor of 228 and 364686?
114
What is the greatest common divisor of 95 and 21679?
19
What is the greatest common factor of 1891 and 4309?
31
What is the greatest common divisor of 1365 and 12075?
105
Calculate the highest common divisor of 31065 and 60.
15
Calculate the greatest common divisor of 8 and 222776.
8
Calculate the highest common divisor of 742 and 3584.
14
Calculate the greatest common factor of 10521 and 252.
63
What is the highest common factor of 14328 and 189249?
597
Calculate the greatest common divisor of 275 and 164285.
55
Calculate the greatest common divisor of 6239436 and 168.
84
Calculate the highest common divisor of 858 and 77814.
66
Calculate the highest common divisor of 62284 and 736.
92
What is the greatest common factor of 5074 and 774?
86
Calculate the highest common divisor of 84 and 16002.
42
What is the highest common factor of 30 and 300945?
15
What is the highest common divisor of 4522983 and 863?
863
What is the highest common factor of 691 and 13?
1
Calculate the greatest common divisor of 25 and 638425.
25
What is the greatest common divisor of 7363 and 4179?
199
What is the highest common factor of 900 and 760700?
100
Calculate the highest common divisor of 723568 and 328.
328
Calculate the greatest common factor of 182 and 1438654.
14
What is the highest common factor of 184 and 123418?
46
Calculate the greatest common divisor of 8412 and 84.
12
Calculate the greatest common divisor of 294 and 153076.
98
Calculate the greatest common divisor of 1280 and 848.
16
What is the highest common factor of 61352 and 40?
8
Calculate the highest common factor of 12482 and 5214.
158
What is the greatest common divisor of 110706 and 18?
6
What is the greatest common divisor of 208 and 686036?
52
What is the highest common divisor of 11921 and 455?
91
Calculate the highest common divisor of 30 and 36230.
10
What is the greatest common divisor of 8 and 13672?
8
Calculate the greatest common divisor of 309922 and 166.
166
What is the greatest common factor of 646 and 141746?
34
What is the greatest common divisor of 61314 and 132?
66
What is the greatest common divisor of 2755 and 117305?
145
What is the greatest common factor of 555 and 276945?
555
What is the greatest common divisor of 8877 and 176?
11
Calculate the highest common factor of 11911 and 7479.
277
What is the greatest common factor of 65 and 37739?
13
Calculate the greatest common divisor of 625 and 10125.
125
Calculate the highest common factor of 90816 and 672.
96
Calculate the highest common factor of 710 and 370.
10
Calculate the greatest common factor of 162 and 18822.
6
What is the greatest common divisor of 12730 and 3082?
134
Calculate the highest common factor of 372 and 86118.
186
Calculate the highest common factor of 85683 and 26871.
507
What is the highest common divisor of 60 and 111545?
5
Calculate the greatest common divisor of 12 and 4458.
6
Calculate the greatest common factor of 36315 and 12690.
135
What is the greatest common factor of 136952 and 53?
53
What is the greatest common divisor of 2202 and 2209707?
1101
Calculate the highest common factor of 215622 and 2349.
81
What is the greatest common divisor of 352547 and 611?
611
Calculate the greatest common divisor of 6615 and 343.
49
Calculate the greatest common divisor of 5397279 and 17.
17
What is the greatest common divisor of 66 and 1380632?
22
Calculate the greatest common divisor of 45204 and 96.
12
Calculate the highest common factor of 290784 and 7223.
233
What is the greatest common divisor of 253 and 34592?
23
Calculate the highest common factor of 7029 and 9443.
71
What is the highest common divisor of 888 and 85581?
111
What is the greatest common factor of 77260 and 50?
10
Calculate the greatest common divisor of 200270 and 595.
35
Calculate the highest common divisor of 176 and 100408.
88
Calculate the greatest common factor of 3600 and 2670.
30
What is the greatest common factor of 122250 and 8250?
750
What is the highest common factor of 10590 and 120?
30
Calculate the highest common factor of 35768 and 136.
136
What is the highest common divisor of 9880 and 6460?
380
Calculate the greatest common divisor of 164947 and 587.
587
Calculate the greatest common factor of 1455685 and 398.
199
Calculate the greatest common factor of 2573 and 54863.
83
What is the highest common factor of 72 and 24688?
8
What is the greatest common divisor of 3725 and 2475?
25
What is the greatest common divisor of 118 and 1749291?
59
Calculate the highest common factor of 30910 and 1870.
110
What is the greatest common divisor of 40997 and 88?
11
What is the greatest common divisor of 409159 and 619?
619
Calculate the greatest common divisor of 20007 and 234.
117
What is the highest common factor of 208 and 8606?
26
Calculate the highest common divisor of 290 and 1701430.
290
Calculate the greatest common factor of 179 and 3140.
1
What is the greatest common divisor of 858 and 645788?
286
Calculate the greatest common factor of 1748 and 33364.
76
What is the greatest common divisor of 47866 and 7098?
182
What is the highest common divisor of 1192 and 1388?
4
What is the greatest common divisor of 2937 and 76273?
89
What is the greatest common factor of 228248 and 309?
103
What is the greatest common factor of 120 and 136256?
8
What is the highest common factor of 510 and 49300?
170
Calculate the greatest common divisor of 1020 and 9060.
60
What is the highest common factor of 550760 and 80?
40
What is the greatest common divisor of 8 and 8734?
2
Calculate the highest common factor of 1851 and 3.
3
Calculate the highest common divisor of 68460 and 326.
326
Calculate the highest common divisor of 358836 and 34.
34
Calculate the greatest common divisor of 72041 and 915.
61
What is the highest common divisor of 866434 and 262?
262
What is the greatest common factor of 309113 and 7?
7
Calculate the greatest common divisor of 2839 and 8016.
167
What is the greatest common factor of 51440 and 224?
16
What is the greatest common divisor of 9071 and 423?
47
Calculate the greatest common factor of 41025 and 30.
15
What is the greatest common factor of 231 and 13563?
33
What is the highest common factor of 505 and 3030?
505
What is the highest common divisor of 3965 and 403?
13
What is the highest common divisor of 341 and 3255?
31
What is the greatest common divisor of 30 and 20240?
10
What is the greatest common factor of 182 and 322?
14
What is the highest common factor of 959 and 233722?
137
Calculate the highest common factor of 11618 and 2.
2
Calculate the greatest common factor of 9099 and 3591.
27
What is the greatest common factor of 7 and 16903?
1
Calculate the greatest common factor of 33222 and 3822.
294
What is the greatest common divisor of 3528 and 1428?
84
What is the greatest common factor of 258880 and 440?
40
Calculate the greatest common factor of 14001 and 897.
39
Calculate the highest common divisor of 278 and 1246.
2
What is the highest common factor of 382210 and 70?
10
What is the highest common factor of 18 and 637044?
6
What is the highest common divisor of 1635 and 13?
1
What is the greatest common factor of 390 and 5590?
130
Calculate the highest common divisor of 109745 and 195.
5
What is the highest common divisor of 472 and 4432?
8
Calculate the highest common divisor of 7 and 68383.
7
Calculate the highest common divisor of 12311 and 299.
13
Calculate the greatest common factor of 18115 and 110.
5
Calculate the highest common divisor of 1290239 and 87.
29
What is the greatest common factor of 270 and 1035?
45
Calculate the greatest common divisor of 94 and 313349.
47
What is the greatest common divisor of 85 and 190?
5
